{"id":33,"date":"2014-07-02T21:37:12","date_gmt":"2014-07-02T19:37:12","guid":{"rendered":"http:\/\/finn-haag.de\/webwbp\/wordpress\/?page_id=33"},"modified":"2022-08-21T01:36:49","modified_gmt":"2022-08-20T23:36:49","slug":"bewerbung","status":"publish","type":"page","link":"https:\/\/wer-besiegt-paul.de\/?page_id=33","title":{"rendered":"Bewerbung"},"content":{"rendered":"<p><script>\nfunction submit_check(){\n\tvar e = 0;\n\tif (document.bewerbung.vorname.value==''){\n\t\tdocument.getElementById(\"vorname_c\").innerHTML = \"Bitte ausf\u00fcllen.\";\n\t\te++;\n\t}else{\n\t\tdocument.getElementById(\"vorname_c\").innerHTML = \"\";\n\t}\n\tif (document.bewerbung.geburtsdatum.value==''){\n\t\tdocument.getElementById(\"geburtsdatum_c\").innerHTML = \"Bitte im Format tt.mm.jjjj angeben.\";\n\t\te++;\n\t}else{\n\t\tdocument.getElementById(\"geburtsdatum_c\").innerHTML = \"\";\n\t}\n\tif (document.bewerbung.wohnort.value==''){\n\t\tdocument.getElementById(\"wohnort_c\").innerHTML = \"Bitte ausf\u00fcllen.\";\n\t\te++;\n\t}else{\n\t\tdocument.getElementById(\"wohnort_c\").innerHTML = \"\";\n\t}\n\tif (document.bewerbung.email.value==''){\n\t\tdocument.getElementById(\"email_c\").innerHTML = \"Bitte ausf\u00fcllen.\";\n\t\te++;\n\t}else{\n\t\tdocument.getElementById(\"email_c\").innerHTML = \"\";\n\t}\n\tif (document.bewerbung.telefon.value==''){\n\t\tdocument.getElementById(\"telefon_c\").innerHTML = \"Bitte ausf\u00fcllen.\";\n\t\te++;\n\t}else{\n\t\tdocument.getElementById(\"telefon_c\").innerHTML = \"\";\n\t}\t\n\tif (document.bewerbung.verifizierung.checked==''){\n\t\tdocument.getElementById(\"verifizierung_c\").innerHTML = \"Bitte best\u00e4tigen Sie die wahrheitsgem\u00e4\u00dfe Angabe Ihrer Daten.\";\n\t\te++;\n\t}else{\n\t\tdocument.getElementById(\"verifizierung_c\").innerHTML = \"\";\n\t}\n\tif (document.bewerbung.daten.checked==''){\n\t\tdocument.getElementById(\"daten_c\").innerHTML = \"Bitte stimmen Sie unserer Datennutzungsklausel zu.\";\n\t\te++;\n\t}else{\n\t\tdocument.getElementById(\"daten_c\").innerHTML = \"\";\n\t}\n\tif(e==0){\n\t\tdocument.bewerbung.submit();\n\t}\n}\n<\/script><\/p>\n<style type=\"text\/css\">\n\t.check{\n\t\tmargin-top:\t-15px;\n\t\tcolor: #ff0321;\n\t\tfont-size:12;\n\t\tmargin-top:-12px;\n\t\tmargin.bottom:12px;\n\t}<\/p>\n<\/style>\n<p>Sind Sie intelligent, motiviert, athletisch, clever und frustrationsresistent? Haben Sie Mut, unvorstellbare Kraft sowie einen unglaublich starken Durchhaltewillen? Dann stellen Sie sich der Herausforderung Ihres Lebens und werden Sie Kandidat bei &#8216;Wer besiegt Paul?&#8217;.<br \/>\nF\u00fcllen Sie dazu das folgende Bewerbungsformular aus:<\/p>\n<h2>1. Angaben zu Ihrer Person<\/h2>\n<form name=\"bewerbung\" action=\".\/admin\/wbp_bewerbung.php\" method=\"POST\">\n<table class=\"bewerbung\">\n<tbody>\n<tr>\n<td>Name:<\/td>\n<td><input class=\"textfeld\" name=\"vorname\" type=\"text\"\/><\/p>\n<div id=\"vorname_c\" class=\"check\"><\/div>\n<\/td>\n<\/tr>\n<tr>\n<td>Geschlecht:<\/td>\n<td><select id=\"sex\" name=\"sex\" class=\"options\"><option value=\"0\">weiblich<\/option><option value=\"1\">m&auml;nnlich<\/option><\/select><\/td>\n<\/tr>\n<tr>\n<td>Geburtsdatum:<\/td>\n<td><input class=\"textfeld\" name=\"geburtsdatum\" type=\"text\"\/><\/p>\n<div class=\"infotext\">Teilnahme ab 18 Jahre. Teilnahme ab 16 Jahren nur mit Einverst\u00e4ndniserkl\u00e4rung der Erziehungsberechtigten.<\/div>\n<div id=\"geburtsdatum_c\" class=\"check\"><\/div>\n<\/td>\n<\/tr>\n<tr>\n<td>Wohnort:<\/td>\n<td><input class=\"textfeld\" name=\"wohnort\" type=\"text\"\/><\/p>\n<div id=\"wohnort_c\" class=\"check\"><\/div>\n<\/td>\n<\/tr>\n<tr>\n<td>E-Mail-Adresse:<\/td>\n<td><input class=\"textfeld\" name=\"email\" type=\"text\"\/><\/p>\n<div id=\"email_c\" class=\"check\"><\/div>\n<\/td>\n<\/tr>\n<tr>\n<td>Telefon (Mobil):<\/td>\n<td><input class=\"textfeld\" name=\"telefon\" type=\"text\"\/><\/p>\n<div id=\"telefon_c\" class=\"check\"><\/div>\n<\/td>\n<\/tr>\n<\/tbody>\n<\/table>\n<hr\/>\n<h2>2. Fragekatalog<\/h2>\n<p>Die Beantwortung der nachfolgenden zw\u00f6lf Fragen ist optional. <\/p>\n<table class=\"bewerbung\">\n<tbody>\n<tr>\n<td>Hobbies:<\/td>\n<td><input class=\"textfeld\" name=\"hobbies\" type=\"text\"\/><\/td>\n<\/tr>\n<tr>\n<td>Sind sie in Vereinen, sozialen Projekten, Parteien, etc. engagiert?<\/td>\n<td><textarea class=\"bm2\" name=\"vereine\"><\/textarea><\/td>\n<\/tr>\n<tr>\n<td>Was ist Ihre derzeitige Hauptt\u00e4tigkeit (Schule, Ausbildung, Studium, Beruf)?<\/td>\n<td><textarea class=\"bm2\" name=\"taetigkeit\"><\/textarea><\/td>\n<\/tr>\n<tr>\n<td>Nennen Sie uns einige ihrer W\u00fcnsche und Tr\u00e4ume.<\/td>\n<td><textarea class=\"bm2\" name=\"wuensche\"><\/textarea><\/td>\n<\/tr>\n<tr>\n<td>Was w\u00fcrden Sie mit dem Jackpot von 4.000,00\u20ac machen, wenn Sie gewinnen sollten?<\/td>\n<td><textarea class=\"bm2\" name=\"sieg\"><\/textarea><\/td>\n<\/tr>\n<tr>\n<td>Wie bereiten Sie sich auf die Herausforderung ihres Lebens vor?<\/td>\n<td><textarea class=\"bm2\" name=\"vorbereitung\"><\/textarea><\/td>\n<\/tr>\n<tr>\n<td>Nennen Sie drei St\u00e4rken von sich.<\/td>\n<td><textarea class=\"bm2\" name=\"staerken\"><\/textarea><\/td>\n<\/tr>\n<tr>\n<td>Nennen Sie drei Schw\u00e4chen von sich.<\/td>\n<td><textarea class=\"bm2\" name=\"schwaechen\"><\/textarea><\/td>\n<\/tr>\n<tr>\n<td>Vervollst\u00e4ndigen Sie folgenden Satz: Ich verliere ungern, weil&#8230;<\/td>\n<td><textarea class=\"bm2\" name=\"verlieren\"><\/textarea><\/td>\n<\/tr>\n<tr>\n<td>Erz\u00e4hlen Sie ein besonderes interessantes Ereignis aus ihrem Leben.\n<\/td>\n<td><textarea class=\"bm2\" name=\"leben\"><\/textarea><\/td>\n<\/tr>\n<tr>\n<td>Was ist Ihr gr\u00f6\u00dfter Erfolg?<\/td>\n<td><textarea class=\"bm2\" name=\"erfolg\"><\/textarea><\/td>\n<\/tr>\n<tr>\n<td>Ich besieg den Paul, weil &#8230;<\/td>\n<td><textarea class=\"bm2\" name=\"IBDP\"><\/textarea><\/td>\n<\/tr>\n<\/tbody>\n<\/table>\n<hr\/>\n<h2>3. Absenden der Bewerbung<\/h2>\n<table class=\"bewerbung\">\n<tbody>\n<tr>\n<td>Verifizierung<\/td>\n<td><input type=\"checkbox\" name=\"verifizierung\" value=\"1\"> <span class=\"anmerkung3\">Ich best\u00e4tige hiermit, dass ich alle Angaben wahrheitsgem\u00e4\u00df get\u00e4tigt habe.<\/span><\/p>\n<div id=\"verifizierung_c\" class=\"check\"><\/div>\n<\/td>\n<\/tr>\n<tr>\n<td>Datennutzung<\/td>\n<td><input type=\"checkbox\" name=\"daten\" value=\"1\"> <span class=\"anmerkung3\">Ich bin damit einverstanden, dass meine hier angegebenen Daten (au\u00dfer Telefonnummer und E-Mail-Adresse) im Rahmen von &#8216;Wer besiegt Paul?&#8217; auf der Webseite www.wer-besiegt-paul.de, Druckerzeugnissen, sowie Marketing und in der Presse ver\u00f6ffentlicht werden k\u00f6nnen. Weiterhin erlaube ich die Nutzung im Rahmen des Castingsprozesses sowie der Veranstaltung und Ihrer Bestandteile.<\/span> <\/p>\n<div id=\"daten_c\" class=\"check\"><\/div>\n<\/td>\n<\/tr>\n<\/tbody>\n<\/table>\n<p>Jetzt sind Sie nur noch einen Klick von der Chance Ihres Lebens entfernt! Falls Sie in die engere Auswahl gelangen, werden Sie per E-Mail informiert und ggf. zum Casting eingeladen. Wir w\u00fcnschen Ihnen viel Erfolg!<\/p>\n<table class=\"bewerbung\">\n<tbody>\n<tr>\n<td><\/td>\n<td><input type=\"button\" class=\"button2\" value=\"Bewerbung absenden\" onclick=\"submit_check();\"><\/button<\/td>\n<\/tr>\n<\/tbody>\n<\/table>\n<\/form>\n","protected":false},"excerpt":{"rendered":"<p>Sind Sie intelligent, motiviert, athletisch, clever und frustrationsresistent? Haben Sie Mut, unvorstellbare Kraft sowie einen unglaublich starken Durchhaltewillen? Dann stellen Sie sich der Herausforderung Ihres Lebens und werden Sie Kandidat bei &#8216;Wer besiegt Paul?&#8217;. F\u00fcllen Sie dazu das folgende Bewerbungsformular aus: 1. Angaben zu Ihrer Person Name: Geschlecht: weiblichm&auml;nnlich Geburtsdatum: Teilnahme ab 18 Jahre. Teilnahme [&hellip;]<\/p>\n","protected":false},"author":1,"featured_media":0,"parent":0,"menu_order":0,"comment_status":"closed","ping_status":"open","template":"","meta":{"ngg_post_thumbnail":0},"yoast_head":"<!-- This site is optimized with the Yoast SEO plugin v20.7 - https:\/\/yoast.com\/wordpress\/plugins\/seo\/ -->\n<title>Wer besiegt Paul? - Bewerbung<\/title>\n<meta name=\"description\" content=\"Stellen Sie sich der gr\u00f6\u00dften Herausforderung Ihres Lebens! Bewerben Sie sich als Kandidat und k\u00e4mpfen Sie in der n\u00e4chsten Show um den Jackpot.\" \/>\n<meta name=\"robots\" content=\"index, follow, max-snippet:-1, max-image-preview:large, max-video-preview:-1\" \/>\n<link rel=\"canonical\" href=\"https:\/\/wer-besiegt-paul.de\/?page_id=33\" \/>\n<meta property=\"og:locale\" content=\"de_DE\" \/>\n<meta property=\"og:type\" content=\"article\" \/>\n<meta property=\"og:title\" content=\"Wer besiegt Paul? - Bewerbung\" \/>\n<meta property=\"og:description\" content=\"Stellen Sie sich der gr\u00f6\u00dften Herausforderung Ihres Lebens! Bewerben Sie sich als Kandidat und k\u00e4mpfen Sie in der n\u00e4chsten Show um den Jackpot.\" \/>\n<meta property=\"og:url\" content=\"https:\/\/wer-besiegt-paul.de\/?page_id=33\" \/>\n<meta property=\"og:site_name\" content=\"Wer besiegt Paul?\" \/>\n<meta property=\"article:publisher\" content=\"https:\/\/www.facebook.com\/werbesiegtpaul\/\" \/>\n<meta property=\"article:modified_time\" content=\"2022-08-20T23:36:49+00:00\" \/>\n<meta name=\"twitter:card\" content=\"summary_large_image\" \/>\n<meta name=\"twitter:label1\" content=\"Gesch\u00e4tzte Lesezeit\" \/>\n\t<meta name=\"twitter:data1\" content=\"1\u00a0Minute\" \/>\n<script type=\"application\/ld+json\" class=\"yoast-schema-graph\">{\"@context\":\"https:\/\/schema.org\",\"@graph\":[{\"@type\":\"WebPage\",\"@id\":\"https:\/\/wer-besiegt-paul.de\/?page_id=33\",\"url\":\"https:\/\/wer-besiegt-paul.de\/?page_id=33\",\"name\":\"Wer besiegt Paul? - Bewerbung\",\"isPartOf\":{\"@id\":\"https:\/\/wer-besiegt-paul.de\/#website\"},\"datePublished\":\"2014-07-02T19:37:12+00:00\",\"dateModified\":\"2022-08-20T23:36:49+00:00\",\"description\":\"Stellen Sie sich der gr\u00f6\u00dften Herausforderung Ihres Lebens! Bewerben Sie sich als Kandidat und k\u00e4mpfen Sie in der n\u00e4chsten Show um den Jackpot.\",\"breadcrumb\":{\"@id\":\"https:\/\/wer-besiegt-paul.de\/?page_id=33#breadcrumb\"},\"inLanguage\":\"de\",\"potentialAction\":[{\"@type\":\"ReadAction\",\"target\":[\"https:\/\/wer-besiegt-paul.de\/?page_id=33\"]}]},{\"@type\":\"BreadcrumbList\",\"@id\":\"https:\/\/wer-besiegt-paul.de\/?page_id=33#breadcrumb\",\"itemListElement\":[{\"@type\":\"ListItem\",\"position\":1,\"name\":\"Startseite\",\"item\":\"https:\/\/wer-besiegt-paul.de\/\"},{\"@type\":\"ListItem\",\"position\":2,\"name\":\"Bewerbung\"}]},{\"@type\":\"WebSite\",\"@id\":\"https:\/\/wer-besiegt-paul.de\/#website\",\"url\":\"https:\/\/wer-besiegt-paul.de\/\",\"name\":\"Wer besiegt Paul?\",\"description\":\"Deutschlands gr\u00f6\u00dfte ehrenamtliche Live-Wettkampf-Unterhaltungsshow in Hohen Neuendorf\",\"potentialAction\":[{\"@type\":\"SearchAction\",\"target\":{\"@type\":\"EntryPoint\",\"urlTemplate\":\"https:\/\/wer-besiegt-paul.de\/?s={search_term_string}\"},\"query-input\":\"required name=search_term_string\"}],\"inLanguage\":\"de\"}]}<\/script>\n<!-- \/ Yoast SEO plugin. -->","yoast_head_json":{"title":"Wer besiegt Paul? - Bewerbung","description":"Stellen Sie sich der gr\u00f6\u00dften Herausforderung Ihres Lebens! Bewerben Sie sich als Kandidat und k\u00e4mpfen Sie in der n\u00e4chsten Show um den Jackpot.","robots":{"index":"index","follow":"follow","max-snippet":"max-snippet:-1","max-image-preview":"max-image-preview:large","max-video-preview":"max-video-preview:-1"},"canonical":"https:\/\/wer-besiegt-paul.de\/?page_id=33","og_locale":"de_DE","og_type":"article","og_title":"Wer besiegt Paul? - Bewerbung","og_description":"Stellen Sie sich der gr\u00f6\u00dften Herausforderung Ihres Lebens! Bewerben Sie sich als Kandidat und k\u00e4mpfen Sie in der n\u00e4chsten Show um den Jackpot.","og_url":"https:\/\/wer-besiegt-paul.de\/?page_id=33","og_site_name":"Wer besiegt Paul?","article_publisher":"https:\/\/www.facebook.com\/werbesiegtpaul\/","article_modified_time":"2022-08-20T23:36:49+00:00","twitter_card":"summary_large_image","twitter_misc":{"Gesch\u00e4tzte Lesezeit":"1\u00a0Minute"},"schema":{"@context":"https:\/\/schema.org","@graph":[{"@type":"WebPage","@id":"https:\/\/wer-besiegt-paul.de\/?page_id=33","url":"https:\/\/wer-besiegt-paul.de\/?page_id=33","name":"Wer besiegt Paul? - Bewerbung","isPartOf":{"@id":"https:\/\/wer-besiegt-paul.de\/#website"},"datePublished":"2014-07-02T19:37:12+00:00","dateModified":"2022-08-20T23:36:49+00:00","description":"Stellen Sie sich der gr\u00f6\u00dften Herausforderung Ihres Lebens! Bewerben Sie sich als Kandidat und k\u00e4mpfen Sie in der n\u00e4chsten Show um den Jackpot.","breadcrumb":{"@id":"https:\/\/wer-besiegt-paul.de\/?page_id=33#breadcrumb"},"inLanguage":"de","potentialAction":[{"@type":"ReadAction","target":["https:\/\/wer-besiegt-paul.de\/?page_id=33"]}]},{"@type":"BreadcrumbList","@id":"https:\/\/wer-besiegt-paul.de\/?page_id=33#breadcrumb","itemListElement":[{"@type":"ListItem","position":1,"name":"Startseite","item":"https:\/\/wer-besiegt-paul.de\/"},{"@type":"ListItem","position":2,"name":"Bewerbung"}]},{"@type":"WebSite","@id":"https:\/\/wer-besiegt-paul.de\/#website","url":"https:\/\/wer-besiegt-paul.de\/","name":"Wer besiegt Paul?","description":"Deutschlands gr\u00f6\u00dfte ehrenamtliche Live-Wettkampf-Unterhaltungsshow in Hohen Neuendorf","potentialAction":[{"@type":"SearchAction","target":{"@type":"EntryPoint","urlTemplate":"https:\/\/wer-besiegt-paul.de\/?s={search_term_string}"},"query-input":"required name=search_term_string"}],"inLanguage":"de"}]}},"_links":{"self":[{"href":"https:\/\/wer-besiegt-paul.de\/index.php?rest_route=\/wp\/v2\/pages\/33"}],"collection":[{"href":"https:\/\/wer-besiegt-paul.de\/index.php?rest_route=\/wp\/v2\/pages"}],"about":[{"href":"https:\/\/wer-besiegt-paul.de\/index.php?rest_route=\/wp\/v2\/types\/page"}],"author":[{"embeddable":true,"href":"https:\/\/wer-besiegt-paul.de\/index.php?rest_route=\/wp\/v2\/users\/1"}],"replies":[{"embeddable":true,"href":"https:\/\/wer-besiegt-paul.de\/index.php?rest_route=%2Fwp%2Fv2%2Fcomments&post=33"}],"version-history":[{"count":63,"href":"https:\/\/wer-besiegt-paul.de\/index.php?rest_route=\/wp\/v2\/pages\/33\/revisions"}],"predecessor-version":[{"id":1627,"href":"https:\/\/wer-besiegt-paul.de\/index.php?rest_route=\/wp\/v2\/pages\/33\/revisions\/1627"}],"wp:attachment":[{"href":"https:\/\/wer-besiegt-paul.de\/index.php?rest_route=%2Fwp%2Fv2%2Fmedia&parent=33"}],"curies":[{"name":"wp","href":"https:\/\/api.w.org\/{rel}","templated":true}]}}