{"id":1364,"date":"2017-11-09T17:54:53","date_gmt":"2017-11-09T15:54:53","guid":{"rendered":"http:\/\/wer-besiegt-paul.de\/?page_id=1364"},"modified":"2017-11-09T17:58:41","modified_gmt":"2017-11-09T15:58:41","slug":"allgemeine-geschaeftsbedingungen","status":"publish","type":"page","link":"https:\/\/wer-besiegt-paul.de\/?page_id=1364","title":{"rendered":"Allgemeine Gesch\u00e4ftsbedingungen"},"content":{"rendered":"<h2>Einleitung<\/h2>\n<p>Allgemeine Gesch\u00e4ftsbedingungen vom Hyperion &#8211; Kulturverein e.V. f\u00fcr den Verkauf von Eintrittskarten f\u00fcr Veranstaltungen. Buchungen erfolgen ausschlie\u00dflich zu den nachfolgenden allgemeinen Gesch\u00e4ftsbedingungen. Es gilt ausschlie\u00dflich das Recht der Bundesrepublik Deutschland, allgemeiner Erf\u00fcllungsort ist Oranienburg. Stand 28.11.2016.<\/p>\n<h2>\nVertragsabschluss<\/h2>\n<p>Der Vertragsabschluss zwischen Hyperion &#8211; Kulturverein e.V. und dem Interessenten (Kunden) kommt durch die fernm\u00fcndliche oder elektronische Beauftragung einer Ticketbestellung zu Stande. Eine Zusendung der Eintrittskarten an den Kunden erfolgt vor Veranstaltungsbeginn per E-Mail.<\/p>\n<h2>\nWiderrufsrecht<\/h2>\n<p>Ein Recht zum Widerruf des Vertrages besteht, da die Regelung des \u00a7 312 b Abs. 3 Nr. 6 BGB eingreift, nicht. Vorliegend handelt es sich um einen Vertrag \u00fcber die Erbringung von Dienstleistungen im Bereich der Freizeitgestaltung, die zu einem bestimmten Zeitpunkt oder innerhalb eines genau angegebenen Zeitraums erbracht werden. Jede Bestellung von Eintrittskarten ist damit unmittelbar nach der Bestellung und Best\u00e4tigung durch den Veranstalter (per Best\u00e4tigungs-E-Mail) bindend und verpflichtet zur Abnahme und Bezahlung der bestellten Karten.<\/p>\n<h2>\nWeiterverkauf<\/h2>\n<p>Wir untersagen ausdr\u00fccklich den Weiterverkauf mit Profit, Zwischenhandel, Versteigerung und andere spekulative Gesch\u00e4fte. Derart erworbene Tickets verlieren ihre G\u00fcltigkeit.<\/p>\n<h2>\nErwerb der Leistung<\/h2>\n<p>Das Online-Ticket von Hyperion &#8211; Kulturverein e.V. dient zur Vorlage beim Einlass als Berechtigungsnachweis f\u00fcr die Teilnahme an der Veranstaltung. Die Tickets haben nur G\u00fcltigkeit f\u00fcr einen einmaligen Einlass und werden mit der ersten Kontrolle entwertet. Der Erwerb des Tickets beinhaltet nicht das Recht auf einen bestimmten Sitzplatz am Veranstaltungsort. Am Veranstaltungsort k\u00f6nnen Sichtbehinderungen auftreten. Dies stellt keinen Mangel der Leistung dar. Der Erwerb eines Tickets beinhaltet lediglich das Recht auf Teilnahme als Zuschauer. Es besteht bei einzelnen Veranstaltungen (durch Musikacts) die Gefahr von m\u00f6glichen H\u00f6r- und Gesundheitssch\u00e4den. Der Kunde besucht die Veranstaltung auf eigene Gefahr. Der Hyperion &#8211; Kulturverein e.V. kann keine Haftung f\u00fcr eventuelle Gesundheitssch\u00e4den, insbesondere H\u00f6rsch\u00e4den \u00fcbernehmen. Der Hyperion &#8211; Kulturverein e.V. bem\u00fcht sich um einen angemessenen Lautst\u00e4rkepegel w\u00e4hrend der Veranstaltung. Der Kunde \u00fcbertragt exklusiv auf den Hyperion &#8211; Kulturverein e.V. bzw. im Falle von Veranstaltungen Dritter auf den jeweiligen Veranstalter s\u00e4mtliche ihm zustehenden bzw. bei ihm entstehenden Rechte an den hergestellten Ton- und\/oder Bildaufnahmen f\u00fcr alle Rundfunk-, Film- und\/oder sonstige Wiedergabezwecke, insbesondere auch f\u00fcr den Online-, Mobile- und\/oder Internetbereich. Diese Rechte\u00fcbertragung erfolgt zeitlich, inhaltlich und r\u00e4umlich unbeschr\u00e4nkt.<\/p>\n<h2>\nGutscheine<\/h2>\n<p>Gutscheine f\u00fcr den Kauf von Eintrittskarten f\u00fcr den Hyperion &#8211; Kulturverein e.V. sind von R\u00fcckgabe und Barauszahlung ausgeschlossen. Gutscheine k\u00f6nnen an der Kasse oder online bei der Bestellung eingel\u00f6st werden. Der Gutschein und der damit verbundene Gutscheincode ist f\u00fcr beliebig viele Bestellungen nutzbar.<\/p>\n<h2>\nGarderobe \/ Haftung<\/h2>\n<p>Wir empfehlen Ihnen Wertgegenst\u00e4nde und elektronischen Ger\u00e4te zu Hause zu lassen, da der Veranstalter keine Gew\u00e4hr f\u00fcr Verluste \u00fcbernehmen kann. Mit dem Kauf des Tickets stellen Sie dem Veranstalter und\/oder seine Erf\u00fcllungsgehilfen von der Haftung f\u00fcr dennoch am Veranstaltungstag abgegebene Garderobe und\/oder deren Inhalt frei. Die Haftung vom Veranstalter und\/oder seinen Erf\u00fcllungsgehilfen wegen Vorsatz oder grober Fahrl\u00e4ssigkeit bleibt unber\u00fchrt.<\/p>\n<h2>\nPrivate Policy<\/h2>\n<p>Die personenbezogenen Daten unterliegen der Datenschutzverordnung (TDDSG, TDSV, BDSG). Gem\u00e4\u00df \u00a7 13 Absatz 1 des Bundesdatenschutzgesetzes (BDSG) sind wir berechtigt, f\u00fcr die von uns vom Auftraggeber zugeteilte Aufgabe pers\u00f6nliche Daten zu diesem Zweck in geeignetem Ma\u00dfe zu erheben. Gem\u00e4\u00df \u00a7 14 werden die personenbezogenen Daten in unserer Datenbank gespeichert und ver\u00e4ndert mit dem Einverst\u00e4ndnis des Betroffenen.<\/p>\n<h2>\nDatenschutz<\/h2>\n<p>Mit der Bestellung akzeptiert der Kunde, dass seine personenbezogenen Daten vom Hyperion &#8211; Kulturverein e.V. gespeichert und f\u00fcr die Bestellabwicklung verwendet werden. Alle pers\u00f6nlichen Daten werden vertraulich behandelt. Die Einverst\u00e4ndniserkl\u00e4rung \u00fcber Speicherung, Verarbeitung und \u00dcbermittlung der Daten kann jederzeit widerrufen werden.<\/p>\n<h2>\nBeanstandungen<\/h2>\n<p>Beanstandungen des Kunden k\u00f6nnen vorgebracht werden unter der ladungsf\u00e4higen Anschrift:<br \/>\nHyperion &#8211; Kulturverein e.V.<br \/>\nScharfschwerdtstr. 36<br \/>\n16540 Hohen Neuendorf<\/p>\n","protected":false},"excerpt":{"rendered":"<p>Einleitung Allgemeine Gesch\u00e4ftsbedingungen vom Hyperion &#8211; Kulturverein e.V. f\u00fcr den Verkauf von Eintrittskarten f\u00fcr Veranstaltungen. Buchungen erfolgen ausschlie\u00dflich zu den nachfolgenden allgemeinen Gesch\u00e4ftsbedingungen. Es gilt ausschlie\u00dflich das Recht der Bundesrepublik Deutschland, allgemeiner Erf\u00fcllungsort ist Oranienburg. Stand 28.11.2016. Vertragsabschluss Der Vertragsabschluss zwischen Hyperion &#8211; Kulturverein e.V. und dem Interessenten (Kunden) kommt durch die fernm\u00fcndliche oder elektronische [&hellip;]<\/p>\n","protected":false},"author":1,"featured_media":0,"parent":0,"menu_order":0,"comment_status":"closed","ping_status":"closed","template":"","meta":{"ngg_post_thumbnail":0},"yoast_head":"<!-- This site is optimized with the Yoast SEO plugin v20.7 - https:\/\/yoast.com\/wordpress\/plugins\/seo\/ -->\n<title>Allgemeine Gesch\u00e4ftsbedingungen &bull; Wer besiegt Paul?<\/title>\n<meta name=\"robots\" content=\"index, follow, max-snippet:-1, max-image-preview:large, max-video-preview:-1\" \/>\n<link rel=\"canonical\" href=\"https:\/\/wer-besiegt-paul.de\/?page_id=1364\" \/>\n<meta property=\"og:locale\" content=\"de_DE\" \/>\n<meta property=\"og:type\" content=\"article\" \/>\n<meta property=\"og:title\" content=\"Allgemeine Gesch\u00e4ftsbedingungen &bull; Wer besiegt Paul?\" \/>\n<meta property=\"og:description\" content=\"Einleitung Allgemeine Gesch\u00e4ftsbedingungen vom Hyperion &#8211; Kulturverein e.V. f\u00fcr den Verkauf von Eintrittskarten f\u00fcr Veranstaltungen. Buchungen erfolgen ausschlie\u00dflich zu den nachfolgenden allgemeinen Gesch\u00e4ftsbedingungen. Es gilt ausschlie\u00dflich das Recht der Bundesrepublik Deutschland, allgemeiner Erf\u00fcllungsort ist Oranienburg. Stand 28.11.2016. Vertragsabschluss Der Vertragsabschluss zwischen Hyperion &#8211; Kulturverein e.V. und dem Interessenten (Kunden) kommt durch die fernm\u00fcndliche oder elektronische [&hellip;]\" \/>\n<meta property=\"og:url\" content=\"https:\/\/wer-besiegt-paul.de\/?page_id=1364\" \/>\n<meta property=\"og:site_name\" content=\"Wer besiegt Paul?\" \/>\n<meta property=\"article:publisher\" content=\"https:\/\/www.facebook.com\/werbesiegtpaul\/\" \/>\n<meta property=\"article:modified_time\" content=\"2017-11-09T15:58:41+00:00\" \/>\n<meta name=\"twitter:card\" content=\"summary_large_image\" \/>\n<meta name=\"twitter:label1\" content=\"Gesch\u00e4tzte Lesezeit\" \/>\n\t<meta name=\"twitter:data1\" content=\"3\u00a0Minuten\" \/>\n<script type=\"application\/ld+json\" class=\"yoast-schema-graph\">{\"@context\":\"https:\/\/schema.org\",\"@graph\":[{\"@type\":\"WebPage\",\"@id\":\"https:\/\/wer-besiegt-paul.de\/?page_id=1364\",\"url\":\"https:\/\/wer-besiegt-paul.de\/?page_id=1364\",\"name\":\"Allgemeine Gesch\u00e4ftsbedingungen &bull; Wer besiegt Paul?\",\"isPartOf\":{\"@id\":\"https:\/\/wer-besiegt-paul.de\/#website\"},\"datePublished\":\"2017-11-09T15:54:53+00:00\",\"dateModified\":\"2017-11-09T15:58:41+00:00\",\"breadcrumb\":{\"@id\":\"https:\/\/wer-besiegt-paul.de\/?page_id=1364#breadcrumb\"},\"inLanguage\":\"de\",\"potentialAction\":[{\"@type\":\"ReadAction\",\"target\":[\"https:\/\/wer-besiegt-paul.de\/?page_id=1364\"]}]},{\"@type\":\"BreadcrumbList\",\"@id\":\"https:\/\/wer-besiegt-paul.de\/?page_id=1364#breadcrumb\",\"itemListElement\":[{\"@type\":\"ListItem\",\"position\":1,\"name\":\"Startseite\",\"item\":\"https:\/\/wer-besiegt-paul.de\/\"},{\"@type\":\"ListItem\",\"position\":2,\"name\":\"Allgemeine Gesch\u00e4ftsbedingungen\"}]},{\"@type\":\"WebSite\",\"@id\":\"https:\/\/wer-besiegt-paul.de\/#website\",\"url\":\"https:\/\/wer-besiegt-paul.de\/\",\"name\":\"Wer besiegt Paul?\",\"description\":\"Deutschlands gr\u00f6\u00dfte ehrenamtliche Live-Wettkampf-Unterhaltungsshow in Hohen Neuendorf\",\"potentialAction\":[{\"@type\":\"SearchAction\",\"target\":{\"@type\":\"EntryPoint\",\"urlTemplate\":\"https:\/\/wer-besiegt-paul.de\/?s={search_term_string}\"},\"query-input\":\"required name=search_term_string\"}],\"inLanguage\":\"de\"}]}<\/script>\n<!-- \/ Yoast SEO plugin. -->","yoast_head_json":{"title":"Allgemeine Gesch\u00e4ftsbedingungen &bull; Wer besiegt Paul?","robots":{"index":"index","follow":"follow","max-snippet":"max-snippet:-1","max-image-preview":"max-image-preview:large","max-video-preview":"max-video-preview:-1"},"canonical":"https:\/\/wer-besiegt-paul.de\/?page_id=1364","og_locale":"de_DE","og_type":"article","og_title":"Allgemeine Gesch\u00e4ftsbedingungen &bull; Wer besiegt Paul?","og_description":"Einleitung Allgemeine Gesch\u00e4ftsbedingungen vom Hyperion &#8211; Kulturverein e.V. f\u00fcr den Verkauf von Eintrittskarten f\u00fcr Veranstaltungen. Buchungen erfolgen ausschlie\u00dflich zu den nachfolgenden allgemeinen Gesch\u00e4ftsbedingungen. Es gilt ausschlie\u00dflich das Recht der Bundesrepublik Deutschland, allgemeiner Erf\u00fcllungsort ist Oranienburg. Stand 28.11.2016. Vertragsabschluss Der Vertragsabschluss zwischen Hyperion &#8211; Kulturverein e.V. und dem Interessenten (Kunden) kommt durch die fernm\u00fcndliche oder elektronische [&hellip;]","og_url":"https:\/\/wer-besiegt-paul.de\/?page_id=1364","og_site_name":"Wer besiegt Paul?","article_publisher":"https:\/\/www.facebook.com\/werbesiegtpaul\/","article_modified_time":"2017-11-09T15:58:41+00:00","twitter_card":"summary_large_image","twitter_misc":{"Gesch\u00e4tzte Lesezeit":"3\u00a0Minuten"},"schema":{"@context":"https:\/\/schema.org","@graph":[{"@type":"WebPage","@id":"https:\/\/wer-besiegt-paul.de\/?page_id=1364","url":"https:\/\/wer-besiegt-paul.de\/?page_id=1364","name":"Allgemeine Gesch\u00e4ftsbedingungen &bull; Wer besiegt Paul?","isPartOf":{"@id":"https:\/\/wer-besiegt-paul.de\/#website"},"datePublished":"2017-11-09T15:54:53+00:00","dateModified":"2017-11-09T15:58:41+00:00","breadcrumb":{"@id":"https:\/\/wer-besiegt-paul.de\/?page_id=1364#breadcrumb"},"inLanguage":"de","potentialAction":[{"@type":"ReadAction","target":["https:\/\/wer-besiegt-paul.de\/?page_id=1364"]}]},{"@type":"BreadcrumbList","@id":"https:\/\/wer-besiegt-paul.de\/?page_id=1364#breadcrumb","itemListElement":[{"@type":"ListItem","position":1,"name":"Startseite","item":"https:\/\/wer-besiegt-paul.de\/"},{"@type":"ListItem","position":2,"name":"Allgemeine Gesch\u00e4ftsbedingungen"}]},{"@type":"WebSite","@id":"https:\/\/wer-besiegt-paul.de\/#website","url":"https:\/\/wer-besiegt-paul.de\/","name":"Wer besiegt Paul?","description":"Deutschlands gr\u00f6\u00dfte ehrenamtliche Live-Wettkampf-Unterhaltungsshow in Hohen Neuendorf","potentialAction":[{"@type":"SearchAction","target":{"@type":"EntryPoint","urlTemplate":"https:\/\/wer-besiegt-paul.de\/?s={search_term_string}"},"query-input":"required name=search_term_string"}],"inLanguage":"de"}]}},"_links":{"self":[{"href":"https:\/\/wer-besiegt-paul.de\/index.php?rest_route=\/wp\/v2\/pages\/1364"}],"collection":[{"href":"https:\/\/wer-besiegt-paul.de\/index.php?rest_route=\/wp\/v2\/pages"}],"about":[{"href":"https:\/\/wer-besiegt-paul.de\/index.php?rest_route=\/wp\/v2\/types\/page"}],"author":[{"embeddable":true,"href":"https:\/\/wer-besiegt-paul.de\/index.php?rest_route=\/wp\/v2\/users\/1"}],"replies":[{"embeddable":true,"href":"https:\/\/wer-besiegt-paul.de\/index.php?rest_route=%2Fwp%2Fv2%2Fcomments&post=1364"}],"version-history":[{"count":4,"href":"https:\/\/wer-besiegt-paul.de\/index.php?rest_route=\/wp\/v2\/pages\/1364\/revisions"}],"predecessor-version":[{"id":1368,"href":"https:\/\/wer-besiegt-paul.de\/index.php?rest_route=\/wp\/v2\/pages\/1364\/revisions\/1368"}],"wp:attachment":[{"href":"https:\/\/wer-besiegt-paul.de\/index.php?rest_route=%2Fwp%2Fv2%2Fmedia&parent=1364"}],"curies":[{"name":"wp","href":"https:\/\/api.w.org\/{rel}","templated":true}]}}